19 - -404 - (1 - 3). Calculate the highest common factor of k and 17.
17
Let u = 2903 + -2764. Calculate the greatest common divisor of 139 and u.
139
Let t = -685 - -790. Calculate the greatest common divisor of t and 126.
21
Suppose -2*f - v = 5, -2*f + f = -v + 1. Let u = 5 + f. What is the greatest common divisor of 1 and u?
1
Suppose -5*d = -w + 2*w - 26, 3*d = 4*w - 12. Suppose -w = 5*s - 56. Let j(u) = -u**2 - u + 80. Let v be j(0). Calculate the greatest common factor of s and v.
10
Let y be (-7689)/(-45) - (156/90)/(-13). Calculate the highest common factor of 9 and y.
9
Let k(r) = r**2 + 288. Let o be k(0). Let b(q) = -2*q**2 + 9*q - 17. Let u be b(8). Let f = u + 105. What is the greatest common factor of f and o?
32
Suppose 0 = -3*m + 51 + 81. Suppose -87*g + 165 = -72*g. Calculate the greatest common divisor of g and m.
11
Let j(f) = -2*f + 60. Let t be j(15). What is the greatest common divisor of t and 90?
30
Let l be 6*(1 + -2)/(-2). Suppose 22*w - 21 = 45. Calculate the highest common factor of w and l.
3
Let f(s) = -s**3 + 5*s**2 - 7*s + 10. Let i be f(4). Let z be 1 + (96/(-80))/(i/45). What is the highest common factor of 28 and z?
28
Let q(g) = 161*g**3 - 163*g**3 - 2*g**2 - 2*g**2 + 4 + 2*g. Let i be q(-3). Calculate the greatest common factor of 56 and i.
8
Let u be (2 + 8/(-3))*54/(-36). Let x(i) = i**2 + 4*i - 3. Let l be x(2). Let h = u + l. What is the greatest common factor of h and 80?
10
Let a(i) = i**3 - 9*i**2 + 26*i - 27. Let p be a(8). What is the highest common factor of 13 and p?
13
Suppose -5 = -b - 4. Let i(h) = 3*h**3 - h**2 + 1. Let z be i(b). Suppose -d - 28 = -z*d. What is the greatest common factor of d and 112?
14
Suppose 5*l - 3*j - 1671 = 2*l, -1686 = -3*l - 2*j. What is the greatest common factor of l and 100?
20
Let x(j) = 235*j + 990. Let g be x(-4). Let y be -1 + 10 + (-1 - -2). What is the greatest common divisor of g and y?
10
Suppose 19*s - 448 = -13*s. Calculate the greatest common factor of s and 266.
14
Let u be 1577/19 + 6/(-1). What is the greatest common factor of u and 21?
7
Let o(k) = k**2 - 11*k - 14. Let z be o(12). Let q be 4 + z + 6 + -5. What is the greatest common factor of 6 and q?
3
Suppose 4*z - 3*m = -37, 0*z = -5*z + 4*m - 46. Let l(a) = a + 31. Let c be l(z). What is the highest common factor of 14 and c?
7
Let i = 9 - 3. Let n(b) = 3*b - 15. Let x be n(i). Suppose 5*o = -0*g - g + 59, -43 = -5*o + x*g. Calculate the greatest common factor of 99 and o.
11
Suppose 0 = -d - 2*w + 80, -9*w + 320 = 4*d - 6*w. What is the highest common factor of d and 680?
40
Let h = -203 + 255. What is the greatest common factor of 39 and h?
13
Let r = -781 - -809. What is the highest common factor of 238 and r?
14
Let u(s) = 2*s + 3. Let n be (3 - 12/8)*4. Let j be u(n). Calculate the highest common factor of 120 and j.
15
Suppose -4*s = 5*o - 1097, o + 2*s - 80 = 137. What is the highest common factor of 17 and o?
17
Suppose -44 = -q - 3*q. Suppose 17*l - 18*l = -42. Suppose -3*y = -5*z + 166 + l, 100 = 2*z + 3*y. What is the greatest common divisor of q and z?
11
Let z = -517 - -522. What is the highest common factor of 2 and z?
1
Suppose 22*m = 27*m - 2275. What is the highest common factor of 260 and m?
65
Suppose -2*n + 34 = 4*r, -2*r - 5 = 1. Let o be (-2)/3*2277/(-6). Calculate the greatest common factor of n and o.
23
Suppose 3*w - 15 = 0, 3*a - 6*w = -2*w - 33311. Let y be a/45 - (-4)/(-10). Let o = 346 + y. Calculate the greatest common divisor of 11 and o.
11
Suppose 3*m - p - 40 = 0, -4*m - 2*p = -5*p - 50. Calculate the highest common divisor of 56 and m.
14
Suppose o + 4*b = 141, -375 = 16*o - 19*o + 4*b. What is the highest common factor of o and 215?
43
Let s = -33 - -36. Suppose 2*v = -3*p + 106, -116 = -s*p + v - 7. Calculate the highest common factor of 24 and p.
12
Let x(u) = -98*u - 11. Let y be x(-1). What is the greatest common divisor of y and 29?
29
Suppose -4*u + 2*f - 28 = 0, -4*u - 34 = -5*f - 0*f. Let k = 13 + u. Let r be (-35)/10*120/(-20). Calculate the highest common divisor of k and r.
7
Let a be (3/(-2))/(13/(-104)). Suppose -3 = -14*f + 109. What is the highest common divisor of a and f?
4
Let f(m) = 129*m - 5. Let p be f(17). Let u = p - -416. Let o be (-3)/(-7) - u/(-98). Calculate the highest common divisor of 189 and o.
27
Suppose -9*v + 1688 = 68. Let r(f) = -5*f. Let c be r(-4). Calculate the highest common divisor of v and c.
20
Let o = 61 - 37. Suppose 2*j = -4*v + 107 + 11, 3*j - 142 = v. Suppose -f - 221 = -q, 3*q + 3*f - 584 - j = 0. Calculate the greatest common divisor of q and o.
24
Let z be ((-147)/(-2))/(((-36)/(-24))/3). Calculate the highest common factor of z and 42.
21
Suppose 32 = 4*b - 4*d, 3*d + 8 = -1. Let t be 3 - (0 - 1 - 1). What is the highest common divisor of b and t?
5
Let t(y) = 21*y - 306. Let q be t(34). Calculate the greatest common divisor of 24 and q.
24
Let f be 96/18*270/24. What is the greatest common factor of 255 and f?
15
Let a(u) = -169*u - 15. Let k be a(-2). Calculate the highest common divisor of 17 and k.
17
Let n(u) = u**2 - 3*u - 53. Let h be n(-6). Calculate the greatest common factor of h and 9.
1
Suppose 2*k = 7*k. Suppose 5*o + 0*o - 100 = k. Suppose -6*i + 2*g = -i - 256, -5*i + 4*g + 262 = 0. What is the highest common divisor of i and o?
10
Let d(w) = -6 + 0 - w + 2*w**2 - w**2. Let h be d(-10). Calculate the greatest common divisor of 26 and h.
26
Let g = -8 + 18. Suppose -2*u = 2*d - 110, 2*d - 4*u = -7*u + 115. What is the greatest common factor of d and g?
10
Let h = 32 + -41. Let o be (44/6)/(h/(-27)). Let q be 7/21*(-1 + o). What is the highest common divisor of 35 and q?
7
Let a(w) = w**2 - w - 30. Let n be a(8). Suppose 6 = -2*q - 4, -4*v + 4*q + 72 = 0. Calculate the highest common divisor of n and v.
13
Let d(u) = u**2 + 10*u - 44. Let t be d(-18). Let y = t - 88. Suppose 203 = 2*g - 61. Calculate the highest common divisor of y and g.
12
Let i = 49 + -40. What is the greatest common factor of i and 36?
9
Suppose -9 = -3*l - 3. Suppose l*h - 190 = -5*f - 0*h, 0 = 5*f + 4*h - 180. Calculate the greatest common divisor of f and 40.
40
Let q = -64 - -11. Let d = 121 + q. What is the highest common factor of 8 and d?
4
Let g(w) = w**2 - 20*w - 299. Let o be g(54). What is the greatest common divisor of 29 and o?
29
Let p(d) = -7 + 0 + 15*d + 2 + 2. Let k be p(2). Suppose 0 = -2*w + 4*s + 18, 5*s - 4*s - 3 = -2*w. Calculate the greatest common divisor of w and k.
3
Let s be (-6)/(-9)*3 + 4. Let u be (77/21)/(1/s). Calculate the greatest common factor of 11 and u.
11
Let c = 3 + -2. Suppose m - 1 - c = 0. Suppose w - 5 = m. Calculate the highest common divisor of 77 and w.
7
Let k = 271 - 192. Let p = -43 + k. Let j be -4 + (-39)/((-3)/1). What is the greatest common factor of p and j?
9
Let q = -1 - 7. Let s(h) = -h**3 - 10*h**2 - 9*h + 13. Let o be s(-9). Let n = o + q. Calculate the greatest common factor of 40 and n.
5
Suppose 0 = -m - 3*s + 9 - 3, 5*m - 5*s - 50 = 0. Let q be 95/10 - m/(-6). Suppose 0 = 4*j - 47 + q. What is the highest common divisor of j and 9?
9
Let x(j) = -j**2 + 89. Let h be x(9). What is the highest common factor of 8 and h?
8
Let i be 14/(-49) - (-2130)/7. What is the greatest common divisor of i and 114?
38
Suppose 4*s = 3*v - 38, -4*v = -5*s - 0*s - 51. Let c = v - -1. Suppose -1 + c = b. What is the highest common divisor of 126 and b?
14
Suppose -z = 2*z - 54. Let t = z - -70. Suppose 0 = 21*r - 17*r - 32. What is the highest common factor of t and r?
8
Let j(y) = -y**2 + 18. Let a be j(-4). Let h be ((11 + -21)/(a/20))/(-1). Calculate the greatest common divisor of h and 25.
25
Let h be 1 - (-1)/(0 - 1). Let z be 3 + h + 5/5. What is the greatest common divisor of 16 and z?
4
Let q(f) = 13*f**2 + 60*f - 1. Let o be q(-7). Suppose -3*s = -0*s - 81. What is the greatest common factor of o and s?
27
Suppose 4*w + 9 = 7*w. Let q = 24 - w. Suppose -3*r + 36 - q = 0. Calculate the highest common divisor of 50 and r.
5
Let j = -31 - -12. Let r = j - -31. Let q be (-22)/(-4) + 6/r. What is the highest common divisor of 24 and q?
6
Let c be -4*87/6 - -3. Let i be 2/8 - c/20. Let j be 2/3 - (-16)/i. Calculate the greatest common divisor of j and 60.
6
Let c = -30 - -3